nds digit of 7800062?
0
What is the hundreds digit of 855966?
9
What is the thousands digit of 15152461?
2
What is the ten thousands digit of 12512941?
1
What is the hundreds digit of 311595?
5
What is the tens digit of 109311?
1
What is the hundreds digit of 1888831?
8
What is the millions digit of 1374914?
1
What is the units digit of 1507671?
1
What is the hundred thousands digit of 4217523?
2
What is the hundreds digit of 13567085?
0
What is the units digit of 185570?
0
What is the thousands digit of 1850332?
0
What is the thousands digit of 551948?
1
What is the tens digit of 261953?
5
What is the units digit of 508070?
0
What is the ten thousands digit of 309771?
0
What is the hundred thousands digit of 495053?
4
What is the hundreds digit of 246766?
7
What is the tens digit of 311251?
5
What is the thousands digit of 2086614?
6
What is the tens digit of 1276185?
8
What is the tens digit of 997735?
3
What is the ten millions digit of 10786215?
1
What is the hundreds digit of 290125?
1
What is the tens digit of 603833?
3
What is the units digit of 221041?
1
What is the ten thousands digit of 202445?
0
What is the ten thousands digit of 1277606?
7
What is the hundreds digit of 1092051?
0
What is the ten thousands digit of 201915?
0
What is the ten thousands digit of 16492116?
9
What is the tens digit of 20002726?
2
What is the thousands digit of 19127947?
7
What is the hundreds digit of 1968338?
3
What is the ten thousands digit of 1072302?
7
What is the hundreds digit of 1722354?
3
What is the units digit of 185383?
3
What is the hundred thousands digit of 197230?
1
What is the hundreds digit of 7933283?
2
What is the hundred thousands digit of 1265445?
2
What is the tens digit of 350018?
1
What is the ten thousands digit of 216340?
1
What is the ten thousands digit of 426648?
2
What is the hundreds digit of 15100462?
4
What is the tens digit of 2092697?
9
What is the millions digit of 8612935?
8
What is the thousands digit of 792332?
2
What is the units digit of 4209500?
0
What is the ten thousands digit of 58333?
5
What is the hundreds digit of 22708?
7
What is the hundred thousands digit of 7105773?
1
What is the hundred thousands digit of 1960910?
9
What is the hundreds digit of 5264512?
5
What is the millions digit of 1113104?
1
What is the ten thousands digit of 431816?
3
What is the tens digit of 124680?
8
What is the units digit of 200074?
4
What is the millions digit of 8024338?
8
What is the hundreds digit of 2909557?
5
What is the units digit of 41362?
2
What is the ten thousands digit of 16875450?
7
What is the hundred thousands digit of 270069?
2
What is the thousands digit of 330555?
0
What is the ten millions digit of 17084608?
1
What is the ten thousands digit of 6169885?
6
What is the ten thousands digit of 63449?
6
What is the hundred thousands digit of 431330?
4
What is the hundreds digit of 188121?
1
What is the ten thousands digit of 177986?
7
What is the hundred thousands digit of 1918184?
9
What is the units digit of 8511464?
4
What is the thousands digit of 5834776?
4
What is the millions digit of 9444270?
9
What is the units digit of 598594?
4
What is the hundreds digit of 5292223?
2
What is the ten thousands digit of 660774?
6
What is the hundreds digit of 4242202?
2
What is the hundreds digit of 11174?
1
What is the tens digit of 34888066?
6
What is the hundred thousands digit of 167185?
1
What is the hundreds digit of 1054558?
5
What is the millions digit of 1219118?
1
What is the hundred thousands digit of 611317?
6
What is the units digit of 254465?
5
What is the ten thousands digit of 248986?
4
What is the hundred thousands digit of 230157?
2
What is the hundreds digit of 271605?
6
What is the hundreds digit of 2138042?
0
What is the thousands digit of 457791?
7
What is the units digit of 203084?
4
What is the units digit of 283633?
3
What is the hundred thousands digit of 107661?
1
What is the ten thousands digit of 6336048?
3
What is the thousands digit of 107979?
7
What is the hundred thousands digit of 151349?
1
What is the units digit of 214463?
3
What is the ten thousands digit of 5477734?
7
What is the tens digit of 221218?
1
What is the ten thousands digit of 28215?
2
What is the units digit of 397492?
2
What is the units digit of 19193870?
0
What is the hundreds digit of 594705?
7
What is the hundred thousands digit of 1418440?
4
What is the tens digit of 9983204?
0
What is the thousands digit of 29592?
9
What is the millions digit of 36521868?
6
What is the millions digit of 1492924?
1
What is the hundreds digit of 17122785?
7
What is the hundred thousands digit of 8148828?
1
What is the hundred thousands digit of 170970?
1
What is the units digit of 673867?
7
What is the tens digit of 3327353?
5
What is the hundreds digit of 411211?
2
What is the units digit of 564838?
8
What is the units digit of 408625?
5
What is the thousands digit of 1525097?
5
What is the thousands digit of 662192?
2
What is the ten thousands digit of 1804870?
0
What is the thousands digit of 412093?
2
What is the ten thousands digit of 108480?
0
What is the units digit of 41473615?
5
What is the hundreds digit of 339673?
6
What is the thousands digit of 94711?
4
What is the millions digit of 1285818?
1
What is the thousands digit of 7000870?
0
What is the tens digit of 14301337?
3
What is the hundred thousands digit of 343949?
3
What is the tens digit of 399560?
6
What is the tens digit of 9876734?
3
What is the thousands digit of 4447155?
7
What is the units digit of 4732953?
3
What is the units digit of 213484?
4
What is the thousands digit of 723796?
3
What is the units digit of 12266452?
2
What is the hundreds digit of 26018169?
1
What is the hundred thousands digit of 771222?
7
What is the tens digit of 22594541?
4
What is the ten thousands digit of 978173?
7
What is the hundreds digit of 14698951?
9
What is the ten millions digit of 27680171?
2
What is the hundreds digit of 321807?
8
What is the hundreds digit of 1119145?
1
What is the hundred thousands digit of 563634?
5
What is the ten thousands digit of 2550629?
5
What is the tens digit of 640893?
9
What is the hundred thousands digit of 158889?
1
What is the tens digit of 336299?
9
What is the units digit of 90283?
3
What is the tens digit of 3524375?
7
What is the ten thousands digit of 168163?
6
What is the hundred thousands digit of 1426051?
4
What is the hundred thousands digit of 719922?
7
What is the units digit of 36833?
3
What is the hundred thousands digit of 263174?
2
What is the tens digit of 6851349?
4
What is the thousands digit of 4052397?
2
What is the hundred thousands digit of 7778892?
7
What is the ten thousands digit of 4852593?
5
What is the tens digit of 8043388?
8
What is the ten thousands digit of 13900875?
0
What is the thousands digit of 245041?
5
What is the ten thousands digit of 18946?
1
What is the tens digit of 2554777?
7
What is the thousands digit of 3525865?
5
What is the tens digit of 778658?
5
What is the thousands digit of 267806?
7
What is the units digit of 4607901?
1
What is the tens digit of 28213581?
8
What is the tens digit of 301717?
1
What is the hundred thousands digit of 8317488?
3
What is the units digit of 186476?
6
What is the hundreds digit of 299449?
4
What is the millions digit of 7720049?
7
What is the units digit of 8851361?
1
What is the hundred thousands digit of 173176?
1
What is the ten thousands digit of 2965473?
6
What is the ten thousands digit of 48135?
4
What is the hundreds digit of 43035?
0
What is the thousands digit of 376077?
6
What is the hundreds digit of 3301223?
2
What is the millions digit of 30202994?
0
What is the millions digit of 7025049?
7
What is the ten thousands digit of 387893?
8
What is the thousands digit of 24971675?
1
What is the tens digit of 1644875?
7
What is the hundreds digit of 974113?
1
What is the thousands digit of 9445204?
5
What is the hundred thousands digit of 1175623?
1
What is the tens digit of 1623508?
0
What is the units digit of 18026425?
5
What is the millions digit of 14069657?
4
What is the hundreds digit of 725894?
8
What is the ten thousands digit of 572066?
7
What is the hundred thousands digit of 382588?
3
What is the tens digit of 363988?
8
What is t